3/3 - g**2/2 + 4*g + 2. Determine n(-3).
-2
Let c(u) = -29*u**2 - 16*u - 16. Let p(q) = 6*q**2 + 3*q + 3. Let w(d) = -2*c(d) - 11*p(d). Give w(-1).
-8
Let c(a) be the first derivative of -a**2 + 2*a + 8. Let l = 12 - 7. What is c(l)?
-8
Let t be ((-36)/(-3) - 4)/(-2). Let m(u) = u**3 + 2*u**2 - 3*u + 4. What is m(t)?
-16
Let p(r) = 2*r**3 - 4*r**2 + 3*r. Let q = -11 + 21. Suppose -10 + 0 = -w. Let t be ((-8)/q)/((-4)/w). What is p(t)?
6
Let m(g) be the third derivative of -g**5/60 + g**4/12 + g**2. Suppose -41 + 36 = -5*v. Determine m(v).
1
Let b(l) be the first derivative of l**2/2 + l - 1. Suppose 0 = 2*s - 10 - 2. Suppose g - c = -s, -12 = -g - 3*g - 5*c. What is b(g)?
-1
Let w(g) = -5*g**2 - g + 1. Let t be w(1). Let q = 3 + 1. Let d(o) = q - 4*o + o - o**2 + 0*o + 1. Determine d(t).
-5
Let u(d) = -5*d + d**2 - 1 - 4 + 1. Suppose -5*y + 28 = -v, 3*y + 27 = 6*y - 4*v. Calculate u(y).
-4
Suppose 22*q = 16*q + 24. Let k(v) = -v**3 + 5*v**2 - 6*v + 2. Calculate k(q).
-6
Let f(s) = 5*s**3 + s**2 + s - 1. Let p = -10 - -11. What is f(p)?
6
Let a(i) = i**3 + 4*i**2 + 6*i - 1. Let s = -1 - -3. Let p(r) = r. Let w be -2 + -1*(3 + -4). Let l(g) = s*p(g) + w*a(g). What is l(-3)?
4
Let a(g) be the second derivative of g**5/20 + 5*g**4/12 + g**3/6 - g**2 + 6*g. Calculate a(-2).
8
Let p = -109 - -109. Let u(x) = -x - 5. Determine u(p).
-5
Suppose -3*w = 2*x - 6, 5*x + 15 = 3*w - 12. Let k(r) = r**3 + 2*r**2 + 3. What is k(x)?
-6
Let u(r) = -r. Suppose t = 3*m - 57, -2*m - 2*m + 76 = t. Let h = m - 14. What is u(h)?
-5
Let t(f) = f**2 - 6*f. Suppose -o + 2 = -0. Let g = o - -3. Calculate t(g).
-5
Let c(t) = 11*t - 11*t - 2 + 8*t. Let q(l) = -7*l + 2. Let w(g) = 6*c(g) + 7*q(g). Suppose 20 = 2*a + 2*a. Calculate w(a).
-3
Suppose 0 = 5*a + 2*a. Let c(m) be the first derivative of 3 + a*m**2 - 5*m + 5/3*m**3 + 1/4*m**4. Give c(-5).
-5
Let z(t) = t**2 - 5*t. Let n be z(6). Let q(s) = s**3 - 5*s**2 - 6*s - 1. Give q(n).
-1
Let x(z) = -8 + 0 + 6*z + 6. What is x(2)?
10
Let p(r) = r**3 + r**2 + 5*r + 4. Let i be p(-1). Let k(g) = -2*g + 1. Determine k(i).
3
Let t(f) = 9*f**2 + 2*f + 2. Let l(j) = -19*j**2 - 4*j - 5. Let a(h) = -3*l(h) - 7*t(h). Let m = -9 + 8. Let x be 0/(-10) - 1/m. Determine a(x).
-7
Let f(t) = -t**2 - 6*t - 8. Let i be ((-18)/(-8))/((99/(-24))/11). Calculate f(i).
-8
Let i(o) be the first derivative of o**2/2 - 14*o + 37. Calculate i(0).
-14
Suppose 3*l + 9 = 27. Let u(h) = -3*h - 16. Let b(n) = -5*n - 24. Let k(q) = 5*b(q) - 8*u(q). Determine k(l).
2
Let u(y) = -y**3 - 2*y**2 + 2*y - 2. Let x(c) be the first derivative of 7/3*c**3 + 0*c**2 + 1 - 3*c + 1/4*c**4. Let a be x(-7). Calculate u(a).
1
Let t(z) = -z**2 + 7*z + 2. Let u(a) = -a - 1. Let p(k) = t(k) + 6*u(k). Determine p(0).
-4
Let o(w) = w**2 - 3*w - 3. Let p be 4 - 2/6*-3. Calculate o(p).
7
Let v(l) = l**2 + 7. Let x = 0 + 0. Let a(c) = -c. Let z be a(x). Calculate v(z).
7
Suppose -u + 4 = -2. Let o be 1/((u/(-9))/(-2)). Let x(q) = q**2 - 4*q + 1. Calculate x(o).
-2
Let c = 27 + -14. Suppose 0 = -5*p - 12 - c. Let f = 3 + p. Let g(w) = w**3 + 3*w**2 - 4*w - 3. Calculate g(f).
9
Let u(z) = z**2 + 6*z + 6. Let b be u(-5). Suppose -11 + b = 2*r. Let s(n) = -n - 4*n - 3*n - 4 + 6*n. Determine s(r).
6
Let x = -14 + 8. Let y(r) = r**3 + 7*r**2 + 9*r + 6. Calculate y(x).
-12
Let b(h) be the third derivative of 7*h**6/360 + h**5/120 + h**4/24 + h**3/6 + h**2. Let m(c) be the first derivative of b(c). Determine m(-1).
7
Let r(l) = 7*l - 1. Let y(z) = -2*z**2 - 6*z + 3. Let b(p) = -5*p**2 - 18*p + 10. Let w(d) = 3*b(d) - 8*y(d). Let s be w(5). What is r(s)?
6
Let q = 34 - 101/3. Let p(k) be the second derivative of 1/20*k**5 + 0 - 2*k - 1/6*k**3 - k**2 + q*k**4. Calculate p(-4).
2
Let r(d) = 0 + 4 + 5*d - 3 + 2. Determine r(-3).
-12
Let a(t) = t**3 + t**2 - t + 3. Let q(u) = u**2 + 5*u - 2. Let d be q(-4). Let n = d + 12. Let j be (-2)/n - 1/(-3). Calculate a(j).
3
Let i(z) be the third derivative of z**5/60 + z**4/8 + z**3/2 + 18*z**2. Give i(-4).
7
Suppose 0 = -3*v + 15, -5*q - 1 - 4 = -5*v. Suppose 4*h - 5*f = -28, 2*h + 7 = -q*f + 19. Let s(o) = 2*o**3 + 3*o**2 + o. Determine s(h).
-6
Let c(f) = 16*f**3 + f**2 + 4*f + 1. Let k(q) = -79*q**3 - 5*q**2 - 21*q - 5. Let d(y) = -11*c(y) - 2*k(y). Calculate d(-1).
18
Suppose 2 = -5*h - 0*h - 3*v, 0 = 5*v - 5. Let n = 6 + -3. Let j(p) = 3*p**n + 2*p**3 + 0 - p + p**2 - 1. Give j(h).
-4
Let q(k) = -k - 12. Suppose 0 = 5*j - 0*j - 2*c + 35, -5*j = 5*c + 70. Let z be q(j). Let y(n) = -n**3 - 5*n**2 - n + 1. Give y(z).
-14
Suppose -5*g - 25 = a, -2*a - 62 = -0*a + 4*g. Let c be a/15 + (-4)/6. Let s(v) = 2*v + 1. What is s(c)?
-5
Let w = -39 - -38. Let x(r) = -9*r**2. Determine x(w).
-9
Let c(b) = -13*b - 12. Let t(k) = -6*k - 5. Let p(g) = 4*c(g) - 9*t(g). Suppose -2*u - 2*n = -0*u - 10, -16 = -2*u + 4*n. Calculate p(u).
9
Let k(j) = 4*j**3 + 6*j**2 + 8*j + 2. Let s(h) = 9*h**3 + 12*h**2 + 17*h + 5. Let r(f) = 7*k(f) - 3*s(f). Let p = -1 + -4. Give r(p).
-1
Let l(g) = 3 + 0*g**2 + 2*g**2 - 3*g**2. Let u be l(0). Let z(v) = -u*v - 2 + v + v. What is z(-1)?
-1
Suppose -3*q + 6*n + 3 = 3*n, -5*n = q - 19. Let c be 1/(-2) - (-18)/q. Let i(h) = -3*h + h - h + 6. Determine i(c).
-6
Let s(b) = 3*b**2 - 3*b + 7. Let r be -1 + 6 + 0 + -1. Suppose 3*u + 3*h = h - 5, u + r*h = -5. Let o(l) = -l**2 + l. Let c(k) = u*s(k) - 4*o(k). What is c(0)?
-7
Let d(v) = -9*v + 2*v + 8*v. Determine d(7).
7
Let m be -6 - 2*(1 - 2). Let v(n) be the first derivative of -n**5/60 - n**4/8 - n**2/2 - 1. Let p(i) be the second derivative of v(i). What is p(m)?
-4
Let s(z) = z + 4. Suppose 14 = -3*w - a, 0 = -w - 3*a + 3 + 3. Let o be 14/6 - 4/w. Let i = o + -6. Give s(i).
1
Suppose -5 = f - 0*f. Let h(k) = k**2 + 7*k + 8. Let d be 12/2*2/6. Let o(i) = -i**2 - 7*i - 7. Let x(g) = d*h(g) + 3*o(g). Give x(f).
5
Let g(b) = -b**2 + 4*b + 2. Let n be g(3). Let o(p) = -p**2 + 78 - 3*p**2 + p**2 + 2*p**2 - 81 + 4*p. Give o(n).
-8
Let l(s) be the second derivative of -s**5/20 + 7*s**4/12 - s**3/3 + 9*s**2/2 + 5*s. Calculate l(7).
-5
Let y(o) = o + 4. Suppose 2*p = n + 9, 0 = -2*p - n + 12 + 3. Let w be (2 - p) + (0 - 0). Determine y(w).
0
Let d(x) be the second derivative of 3*x**5/10 + x**4/12 - x**3/6 - x**2/2 + 3*x. What is d(-1)?
-5
Let l(k) = k**3 + 4*k**2 - 5*k + 5. Suppose -2*f - 8 - 2 = 0. Determine l(f).
5
Let w be 5/(170/(-64)) - (-2)/(-17). Let j(l) = l**2. Determine j(w).
4
Let j(f) be the second derivative of -f**5/20 + f**4/2 - 2*f**3/3 - 3*f**2 + 3*f + 21. Let x be (-4 - 1)*(-1)/1. Calculate j(x).
-1
Let m be (-15)/((-2 - 0)/2). Suppose -s - 4*s - 55 = -5*t, -3*t = -3. Let p be (m/s)/((-6)/(-8)). Let j(r) = -r**3 - 3*r**2 - 3*r - 3. What is j(p)?
-1
Let z(u) = -6*u**2 + 102 - 102. Calculate z(-1).
-6
Let h(b) = 0 + 3 + 3*b**2 - b**3 + 2*b + 0*b. Let s(r) = -r + 1. Let p(w) = w**2 - 8*w + 3. Let c(j) = -p(j) - 4*s(j). Let f be c(11). Give h(f).
-5
Let z(m) = m**3 - m**2. Let w(c) = -4*c**3 + 6*c**2 - 4*c + 3. Let j(g) = -w(g) - 5*z(g). Let o = 0 - 7. Let s(n) = -n - 5. Let i be s(o). Determine j(i).
-7
Let s(p) be the second derivative of -3/2*p**2 + 3*p + 0 + 1/6*p**3. Let f = -2 + 6. Calculate s(f).
1
Let g be ((0/3)/(-2))/(-1). Let c be -3 - -1 - (g + 0). Let x(f) = -f - 9. Let s(h) = h + 5. Let u(r) = -7*s(r) - 4*x(r). Give u(c).
7
Let x be (0/(-6 + 5))/(1 - 2). Let y(l) = l**3 + l**2 - l + 7. Determine y(x).
7
Let x(v) = -4*v**2 + 3*v**2 + v**2 - 4 - v**2. Calculate x(4).
-20
Let u = 6 + -4. Suppose -v = v - u. Let d(r) = -4*r**3 + r**2 - r. Give d(v).
-4
Let z = -4 + 6. Let d be z/11 + 128/22. Let u(b) = -4 - 2*b - d*b + 3. Determine u(-1).
7
Suppose a + 1 = p, 0 = 4*a - 2 - 2. Let w(u) = -p*u - u + 2*u**2 + 3 + 0. Let i be 2 + 1 + 1 + -2. What is w(i)?
5
Let s(d) = 3 + 0*d + 0 + 3*d - d. Let w be ((-24)/(-12))/((-1)/2). Give s(w).
-5
Let t(g) be the third derivative of -g**6/360 + g**5/24 - g**4/24 + g**3/2 - 2*g**2. Let u(j) be the first derivative of t(j). Give u(5).
-1
Let o(y) = 3*y - 4*y + 3*y + 2. Let h = -3 + 6. Let j = 5 - h. Calculate o(j).
6
Suppose 10*k - 5*k = 0. Suppose k = 4*h + 2*t - 14, -5*h + 3*h = 5*t + 13. Let c(v) = -v**3 + 7*v**2 - 7*v. What is c(h)?
-6
Let u(f) = 8*f**3 - 14*f**2 + 20*f + 14. Let a(j) = 3*j**3 - 5*j**2 + 7*j + 5. Let t(y) = -